{"id":388,"date":"2024-09-30T16:09:01","date_gmt":"2024-09-30T16:09:01","guid":{"rendered":"https:\/\/www.protekote.com\/?post_type=product&#038;p=388"},"modified":"2025-02-23T09:26:17","modified_gmt":"2025-02-23T09:26:17","slug":"corten-gercek-pas-efekti-icin-3-asamali-sistem-200-ml-x-3","status":"publish","type":"product","link":"https:\/\/protekote.com\/index.php\/urun\/corten-gercek-pas-efekti-icin-3-asamali-sistem-200-ml-x-3\/","title":{"rendered":"Corten Ger\u00e7ek Pas Efekti \u0130\u00e7in 3 A\u015famal\u0131 Sistem 200 ml X 3"},"content":{"rendered":"<div class=\"flex max-w-full flex-col flex-grow\">\n<div class=\"min-h-8 text-message flex w-full flex-col items-end gap-2 whitespace-normal break-words [.text-message+&amp;]:mt-5\" dir=\"auto\" data-message-author-role=\"assistant\" data-message-id=\"e7e77215-dfc2-4e00-81a9-d62e732a42cb\">\n<div class=\"flex w-full flex-col gap-1 empty:hidden first:pt-[3px]\">\n<div class=\"markdown prose w-full break-words dark:prose-invert light\">\n<p><strong>Corten Ger\u00e7ek Pas Efekti \u0130\u00e7in 3 A\u015famal\u0131 Sistem<\/strong><\/p>\n<p>Corten y\u00fczeylerin benzersiz esteti\u011fini ve dayan\u0131kl\u0131l\u0131\u011f\u0131n\u0131 projelerinize ta\u015f\u0131mak i\u00e7in geli\u015ftirilmi\u015f bu 3 a\u015famal\u0131 sistem, hem pratik hem de etkileyici bir \u00e7\u00f6z\u00fcm sunar:<\/p>\n<h3>1. <strong>Pasland\u0131r\u0131c\u0131 Katman<\/strong><\/h3>\n<p>Y\u00fczeye do\u011fal ve otantik bir a\u00e7\u0131k sar\u0131 pas rengi kazand\u0131r\u0131r. Bu katman, zamana meydan okuyan bir estetik sunarken, y\u00fczeye derinlik ve otantik bir karakter katar.<\/p>\n<h3>2. <strong>Pas Bariyeri<\/strong><\/h3>\n<p>Pas\u0131n derinlere n\u00fcfuz etmesini engeller ve y\u00fczeyde dengeli bir pas g\u00f6r\u00fcn\u00fcm\u00fc sa\u011flar. Bu sayede, hem koruma sa\u011flan\u0131r hem de uzun s\u00fcreli estetik g\u00f6r\u00fcn\u00fcm elde edilir.<\/p>\n<h3>3. Grafen\u00a0<strong>Son Kat Koruyucu<\/strong><\/h3>\n<p>Ele yap\u0131\u015fmayan, dayan\u0131kl\u0131 bir koruyucu katman olu\u015fturur. Y\u00fczeyi d\u0131\u015f etkilere kar\u015f\u0131 korurken, bak\u0131m gerektirmeden uzun y\u0131llar boyunca dayan\u0131kl\u0131l\u0131k sunar.<\/p>\n<ul>\n<li><strong>Farkl\u0131 Renk Se\u00e7enekleri<\/strong>: Son kat, turuncudan kiremit tonlar\u0131na ve siyaha kadar farkl\u0131 renk varyasyonlar\u0131 ile uygulanabilir. Bu sayede, proje konseptinize uygun \u00f6zg\u00fcn bir g\u00f6r\u00fcn\u00fcm elde edebilirsiniz.<\/li>\n<\/ul>\n<hr \/>\n<h3><strong>Mimari Avantaj\u0131<\/strong><\/h3>\n<p>Corten pas efekti, modern ve end\u00fcstriyel mimari projelere estetik bir dokunu\u015f katar. Bu sistem:<\/p>\n<ul>\n<li><strong>Dayan\u0131kl\u0131d\u0131r<\/strong>: Zorlu hava ko\u015fullar\u0131na ve zamana kar\u015f\u0131 diren\u00e7lidir.<\/li>\n<li><strong>Estetiktir<\/strong>: Do\u011fal ya\u015flanma s\u00fcreciyle daha da etkileyici bir g\u00f6r\u00fcn\u00fcm kazan\u0131r.<\/li>\n<li><strong>\u00c7arp\u0131c\u0131d\u0131r<\/strong>: Sadece bir kaplama de\u011fil, projelere karakter kazand\u0131ran g\u00fc\u00e7l\u00fc bir ifade arac\u0131d\u0131r.<\/li>\n<\/ul>\n<h3><strong>Projenize \u00d6zg\u00fcn Bir \u0130mza At\u0131n<\/strong><\/h3>\n<p>Bu sistemi tercih ederek, hem fonksiyonel hem de g\u00f6z al\u0131c\u0131 bir \u00e7\u00f6z\u00fcm sunabilirsiniz. Projenize kal\u0131c\u0131 ve etkileyici bir estetik kazand\u0131rman\u0131n tam zaman\u0131!<\/p>\n<\/div>\n<h4><strong>Fiyat :\u00a0<\/strong><\/h4>\n<\/div>\n<\/div>\n<div class=\"min-h-8 text-message flex w-full flex-col items-end gap-2 whitespace-normal break-words [.text-message+&amp;]:mt-5\" dir=\"auto\" data-message-author-role=\"assistant\" data-message-id=\"e7e77215-dfc2-4e00-81a9-d62e732a42cb\">\n<div class=\"flex w-full flex-col gap-1 empty:hidden first:pt-[3px]\">\n<ul>\n<li><strong>200 ml x 3 Test Seti<\/strong>: 276<strong>\u00a0$<\/strong> (~6 m\u00b2)<\/li>\n<li><strong>2 L x3 \u00a0Deneme Seti<\/strong>: <span style=\"color: #000000; font-family: Helvetica Neue; font-size: small;\">1.533<\/span><strong>\u00a0$<\/strong> (~60 m\u00b2)<\/li>\n<li><strong>20 L x3 \u00a0Deneme \u0130malati \u00a0Seti<\/strong>: <span style=\"color: #000000; font-family: Helvetica Neue; font-size: small;\">8.516<\/span><strong>\u00a0$<\/strong> (~600 m\u00b2)<\/li>\n<li><strong>200 L x3 \u00a0\u0130malat Seti<\/strong>: <span style=\"color: #000000; font-family: Helvetica Neue; font-size: small;\">47.311<\/span><strong>\u00a0$<\/strong> (~6.000 m\u00b2)<\/li>\n<li><strong>20oo L x3 \u00a0B\u00fcy\u00fck\u00a0\u0130malat Seti<\/strong>: <span style=\"color: #000000; font-family: Helvetica Neue; font-size: small;\">415.010<\/span><strong>\u00a0$<\/strong> (~60.000 m\u00b2)<\/li>\n<\/ul>\n<\/div>\n<\/div>\n<\/div>\n","protected":false},"excerpt":{"rendered":"<div class=\"flex max-w-full flex-col flex-grow\">\n<div class=\"min-h-8 text-message flex w-full flex-col items-end gap-2 whitespace-normal break-words [.text-message+&amp;]:mt-5\" dir=\"auto\" data-message-author-role=\"assistant\" data-message-id=\"e7e77215-dfc2-4e00-81a9-d62e732a42cb\">\n<div class=\"flex w-full flex-col gap-1 empty:hidden first:pt-[3px]\">\n<div class=\"markdown prose w-full break-words dark:prose-invert light\">\n<p><strong>Corten Ger\u00e7ek Pas Efekti \u0130\u00e7in 3 A\u015famal\u0131 Sistem<\/strong><\/p>\n<p>Corten y\u00fczeylerin benzersiz esteti\u011fini ve dayan\u0131kl\u0131l\u0131\u011f\u0131n\u0131 projelerinize ta\u015f\u0131mak i\u00e7in geli\u015ftirilmi\u015f bu 3 a\u015famal\u0131 sistem, hem pratik hem de etkileyici bir \u00e7\u00f6z\u00fcm sunar:<\/p>\n<h3>1. <strong>Pasland\u0131r\u0131c\u0131 Katman<\/strong><\/h3>\n<p>Y\u00fczeye do\u011fal ve otantik bir a\u00e7\u0131k sar\u0131 pas rengi kazand\u0131r\u0131r. Bu katman, zamana meydan okuyan bir estetik sunarken, y\u00fczeye derinlik ve otantik bir karakter katar.<\/p>\n<h3>2. <strong>Pas Bariyeri<\/strong><\/h3>\n<p>Pas\u0131n derinlere n\u00fcfuz etmesini engeller ve y\u00fczeyde dengeli bir pas g\u00f6r\u00fcn\u00fcm\u00fc sa\u011flar. Bu sayede, hem koruma sa\u011flan\u0131r hem de uzun s\u00fcreli estetik g\u00f6r\u00fcn\u00fcm elde edilir.<\/p>\n<h3>3. Grafen\u00a0<strong>Son Kat Koruyucu<\/strong><\/h3>\n<\/div>\n<\/div>\n<\/div>\n<\/div>\n<p>Ele yap\u0131\u015fmayan, dayan\u0131kl\u0131 bir koruyucu katman olu\u015fturur. Y\u00fczeyi d\u0131\u015f etkilere kar\u015f\u0131 korurken, bak\u0131m gerektirmeden uzun y\u0131llar boyunca dayan\u0131kl\u0131l\u0131k sunar.<\/p>\n<p>&nbsp;<\/p>\n","protected":false},"featured_media":389,"comment_status":"open","ping_status":"closed","template":"","meta":[],"product_brand":[],"product_cat":[16],"product_tag":[],"class_list":["post-388","product","type-product","status-publish","has-post-thumbnail","product_cat-genel","first","instock","taxable","shipping-taxable","purchasable","product-type-variable","has-default-attributes"],"jetpack_sharing_enabled":true,"_links":{"self":[{"href":"https:\/\/protekote.com\/index.php\/wp-json\/wp\/v2\/product\/388","targetHints":{"allow":["GET"]}}],"collection":[{"href":"https:\/\/protekote.com\/index.php\/wp-json\/wp\/v2\/product"}],"about":[{"href":"https:\/\/protekote.com\/index.php\/wp-json\/wp\/v2\/types\/product"}],"replies":[{"embeddable":true,"href":"https:\/\/protekote.com\/index.php\/wp-json\/wp\/v2\/comments?post=388"}],"wp:featuredmedia":[{"embeddable":true,"href":"https:\/\/protekote.com\/index.php\/wp-json\/wp\/v2\/media\/389"}],"wp:attachment":[{"href":"https:\/\/protekote.com\/index.php\/wp-json\/wp\/v2\/media?parent=388"}],"wp:term":[{"taxonomy":"product_brand","embeddable":true,"href":"https:\/\/protekote.com\/index.php\/wp-json\/wp\/v2\/product_brand?post=388"},{"taxonomy":"product_cat","embeddable":true,"href":"https:\/\/protekote.com\/index.php\/wp-json\/wp\/v2\/product_cat?post=388"},{"taxonomy":"product_tag","embeddable":true,"href":"https:\/\/protekote.com\/index.php\/wp-json\/wp\/v2\/product_tag?post=388"}],"curies":[{"name":"wp","href":"https:\/\/api.w.org\/{rel}","templated":true}]}}

Corten Gerçek Pas Efekti İçin 3 Aşamalı Sistem 200 ml X 3

<div class="flex max-w-full flex-col flex-grow">
<div class="min-h-8 text-message flex w-full flex-col items-end gap-2 whitespace-normal break-words [.text-message+&amp;]:mt-5" dir="auto" data-message-author-role="assistant" data-message-id="e7e77215-dfc2-4e00-81a9-d62e732a42cb">
<div class="flex w-full flex-col gap-1 empty:hidden first:pt-[3px]">
<div class="markdown prose w-full break-words dark:prose-invert light">
<p><strong>Corten Gerçek Pas Efekti İçin 3 Aşamalı Sistem</strong></p>
<p>Corten yüzeylerin benzersiz estetiğini ve dayanıklılığını projelerinize taşımak için geliştirilmiş bu 3 aşamalı sistem, hem pratik hem de etkileyici bir çözüm sunar:</p>
<h3>1. <strong>Paslandırıcı Katman</strong></h3>
<p>Yüzeye doğal ve otantik bir açık sarı pas rengi kazandırır. Bu katman, zamana meydan okuyan bir estetik sunarken, yüzeye derinlik ve otantik bir karakter katar.</p>
<h3>2. <strong>Pas Bariyeri</strong></h3>
<p>Pasın derinlere nüfuz etmesini engeller ve yüzeyde dengeli bir pas görünümü sağlar. Bu sayede, hem koruma sağlanır hem de uzun süreli estetik görünüm elde edilir.</p>
<h3>3. Grafen <strong>Son Kat Koruyucu</strong></h3>
<p>Ele yapışmayan, dayanıklı bir koruyucu katman oluşturur. Yüzeyi dış etkilere karşı korurken, bakım gerektirmeden uzun yıllar boyunca dayanıklılık sunar.</p>
<ul>
<li><strong>Farklı Renk Seçenekleri</strong>: Son kat, turuncudan kiremit tonlarına ve siyaha kadar farklı renk varyasyonları ile uygulanabilir. Bu sayede, proje konseptinize uygun özgün bir görünüm elde edebilirsiniz.</li>
</ul>
<hr />
<h3><strong>Mimari Avantajı</strong></h3>
<p>Corten pas efekti, modern ve endüstriyel mimari projelere estetik bir dokunuş katar. Bu sistem:</p>
<ul>
<li><strong>Dayanıklıdır</strong>: Zorlu hava koşullarına ve zamana karşı dirençlidir.</li>
<li><strong>Estetiktir</strong>: Doğal yaşlanma süreciyle daha da etkileyici bir görünüm kazanır.</li>
<li><strong>Çarpıcıdır</strong>: Sadece bir kaplama değil, projelere karakter kazandıran güçlü bir ifade aracıdır.</li>
</ul>
<h3><strong>Projenize Özgün Bir İmza Atın</strong></h3>
<p>Bu sistemi tercih ederek, hem fonksiyonel hem de göz alıcı bir çözüm sunabilirsiniz. Projenize kalıcı ve etkileyici bir estetik kazandırmanın tam zamanı!</p>
</div>
<h4><strong>Fiyat : </strong></h4>
</div>
</div>
<div class="min-h-8 text-message flex w-full flex-col items-end gap-2 whitespace-normal break-words [.text-message+&amp;]:mt-5" dir="auto" data-message-author-role="assistant" data-message-id="e7e77215-dfc2-4e00-81a9-d62e732a42cb">
<div class="flex w-full flex-col gap-1 empty:hidden first:pt-[3px]">
<ul>
<li><strong>200 ml x 3 Test Seti</strong>: 276<strong> $</strong> (~6 m²)</li>
<li><strong>2 L x3  Deneme Seti</strong>: <span style="color: #000000; font-family: Helvetica Neue; font-size: small;">1.533</span><strong> $</strong> (~60 m²)</li>
<li><strong>20 L x3  Deneme İmalati  Seti</strong>: <span style="color: #000000; font-family: Helvetica Neue; font-size: small;">8.516</span><strong> $</strong> (~600 m²)</li>
<li><strong>200 L x3  İmalat Seti</strong>: <span style="color: #000000; font-family: Helvetica Neue; font-size: small;">47.311</span><strong> $</strong> (~6.000 m²)</li>
<li><strong>20oo L x3  Büyük İmalat Seti</strong>: <span style="color: #000000; font-family: Helvetica Neue; font-size: small;">415.010</span><strong> $</strong> (~60.000 m²)</li>
</ul>
</div>
</div>
</div>

<div class="flex max-w-full flex-col flex-grow">
<div class="min-h-8 text-message flex w-full flex-col items-end gap-2 whitespace-normal break-words [.text-message+&amp;]:mt-5" dir="auto" data-message-author-role="assistant" data-message-id="e7e77215-dfc2-4e00-81a9-d62e732a42cb">
<div class="flex w-full flex-col gap-1 empty:hidden first:pt-[3px]">
<div class="markdown prose w-full break-words dark:prose-invert light">
<p><strong>Corten Gerçek Pas Efekti İçin 3 Aşamalı Sistem</strong></p>
<p>Corten yüzeylerin benzersiz estetiğini ve dayanıklılığını projelerinize taşımak için geliştirilmiş bu 3 aşamalı sistem, hem pratik hem de etkileyici bir çözüm sunar:</p>
<h3>1. <strong>Paslandırıcı Katman</strong></h3>
<p>Yüzeye doğal ve otantik bir açık sarı pas rengi kazandırır. Bu katman, zamana meydan okuyan bir estetik sunarken, yüzeye derinlik ve otantik bir karakter katar.</p>
<h3>2. <strong>Pas Bariyeri</strong></h3>
<p>Pasın derinlere nüfuz etmesini engeller ve yüzeyde dengeli bir pas görünümü sağlar. Bu sayede, hem koruma sağlanır hem de uzun süreli estetik görünüm elde edilir.</p>
<h3>3. Grafen <strong>Son Kat Koruyucu</strong></h3>
</div>
</div>
</div>
</div>
<p>Ele yapışmayan, dayanıklı bir koruyucu katman oluşturur. Yüzeyi dış etkilere karşı korurken, bakım gerektirmeden uzun yıllar boyunca dayanıklılık sunar.</p>
<p>&nbsp;</p>
